{"id":246,"date":"2025-09-20T04:29:57","date_gmt":"2025-09-20T09:29:57","guid":{"rendered":"https:\/\/desiare.com\/?post_type=product&#038;p=246"},"modified":"2025-09-20T04:29:57","modified_gmt":"2025-09-20T09:29:57","slug":"bala-vibradora-boton-de-amor","status":"publish","type":"product","link":"https:\/\/desiare.com\/?product=bala-vibradora-boton-de-amor","title":{"rendered":"Bala Vibradora Bot\u00f3n de Amor"},"content":{"rendered":"<h2>Bala Vibradora Bot\u00f3n de Amor Adam &amp; Eve<\/h2>\n<h3>Un peque\u00f1o bot\u00f3n es todo lo que se necesita para alcanzar las sensaciones m\u00e1s placenteras<\/h3>\n<p>La\u00a0<strong>Bala Vibradora Bot\u00f3n de Amor<\/strong>\u00a0tiene un potente motor que cuenta con 7 intensidades de vibraci\u00f3n que permiten una estimulaci\u00f3n directa de cl\u00edtoris o punto G para llevar las sensaciones al l\u00edmite.<\/p>\n<p>Cuenta con una textura en forma de remolinos los cuales se complementan con su vibraci\u00f3n para maximizar las sensaciones que se producen hasta llevar al \u00e9xtasis.<\/p>\n<p>El f\u00e1cil acceso al bot\u00f3n de control de la Bala Vibradora Bot\u00f3n de Amor permite un manejo sencillo para controlar los modos de vibraci\u00f3n y llegar al orgasmo m\u00e1s excitante.<\/p>\n<p>Con este vibrador, podr\u00e1 golpear o estimular su cl\u00edtoris y lo sentir\u00e1 de la manera en la que un dedo o la lengua golpea de forma er\u00f3tica. Podr\u00e1 elegir el nivel de estimulaci\u00f3n deseada.<\/p>\n","protected":false},"excerpt":{"rendered":"<table class=\"woocommerce-product-attributes shop_attributes\">\n<tbody>\n<tr class=\"woocommerce-product-attributes-item woocommerce-product-attributes-item--attribute_carga\">\n<th class=\"woocommerce-product-attributes-item__label\">Carga<\/th>\n<td class=\"woocommerce-product-attributes-item__value\">Bater\u00eda recargable por medio de USB integrada al juguete (Tapa del extremo extra\u00edble con conector USB)<\/td>\n<\/tr>\n<tr class=\"woocommerce-product-attributes-item woocommerce-product-attributes-item--attribute_garant%c3%ada\">\n<th class=\"woocommerce-product-attributes-item__label\">Garant\u00eda<\/th>\n<td class=\"woocommerce-product-attributes-item__value\">1 a\u00f1o<\/td>\n<\/tr>\n<tr class=\"woocommerce-product-attributes-item woocommerce-product-attributes-item--attribute_g%c3%a9nero\">\n<th class=\"woocommerce-product-attributes-item__label\">G\u00e9nero<\/th>\n<td class=\"woocommerce-product-attributes-item__value\">Femenino<\/td>\n<\/tr>\n<tr class=\"woocommerce-product-attributes-item woocommerce-product-attributes-item--attribute_interactivo-o-con-app\">\n<th class=\"woocommerce-product-attributes-item__label\">Interactivo o Con App<\/th>\n<td class=\"woocommerce-product-attributes-item__value\">No<\/td>\n<\/tr>\n<tr class=\"woocommerce-product-attributes-item woocommerce-product-attributes-item--attribute_limpieza\">\n<th class=\"woocommerce-product-attributes-item__label\">Limpieza<\/th>\n<td class=\"woocommerce-product-attributes-item__value\">Antes de usar el juguete por primera vez, y despu\u00e9s de cada uso, este debe ser limpiado para reducir el riesgo de infecciones, mantener la higiene adecuada y evitar el deterioro r\u00e1pido del juguete.Recomendamos un producto especial para limpieza \u00f3ptima como los Limpiadores para Juguetes Elixir.<\/td>\n<\/tr>\n<tr class=\"woocommerce-product-attributes-item woocommerce-product-attributes-item--attribute_marca\">\n<th class=\"woocommerce-product-attributes-item__label\">Marca<\/th>\n<td class=\"woocommerce-product-attributes-item__value\">Adam &amp; Eve<\/td>\n<\/tr>\n<tr class=\"woocommerce-product-attributes-item woocommerce-product-attributes-item--attribute_material\">\n<th class=\"woocommerce-product-attributes-item__label\">Material<\/th>\n<td class=\"woocommerce-product-attributes-item__value\">Silicona suave, segura para el cuerpo, no t\u00f3xica + ABS<\/td>\n<\/tr>\n<tr class=\"woocommerce-product-attributes-item woocommerce-product-attributes-item--attribute_medidas\">\n<th class=\"woocommerce-product-attributes-item__label\">Medidas<\/th>\n<td class=\"woocommerce-product-attributes-item__value\">\u2022 Largo: 22 cm \u2022 Ancho: 3, 1 cm<\/td>\n<\/tr>\n<tr class=\"woocommerce-product-attributes-item woocommerce-product-attributes-item--attribute_peso\">\n<th class=\"woocommerce-product-attributes-item__label\">Peso<\/th>\n<td class=\"woocommerce-product-attributes-item__value\">73, 7 g<\/td>\n<\/tr>\n<tr class=\"woocommerce-product-attributes-item woocommerce-product-attributes-item--attribute_presentaci%c3%b3n\">\n<th class=\"woocommerce-product-attributes-item__label\">Presentaci\u00f3n<\/th>\n<td class=\"woocommerce-product-attributes-item__value\">\u2022 7 intensidades de vibraci\u00f3n.\u2022 Mango flexible con bot\u00f3n de control led fucsia.<\/td>\n<\/tr>\n<tr class=\"woocommerce-product-attributes-item woocommerce-product-attributes-item--attribute_recomendaciones-de-uso\">\n<th class=\"woocommerce-product-attributes-item__label\">Recomendaciones de uso<\/th>\n<td class=\"woocommerce-product-attributes-item__value\">Esta Bala Vibradora llega parcialmente cargada, por lo que se recomienda cargarla completamente antes del primer uso, lo que tardar\u00e1 aproximadamente 1 hora. Al conectar el juguete para su carga, la luz indicadora parpadear\u00e1 mientras est\u00e9 cargando y permanecer\u00e1 encendida cuando el juguete est\u00e9 completamente cargado.Para encender la Bala Vibradora\u00a0presione el bot\u00f3n durante al menos 3 seg., luego presione nuevamente el bot\u00f3n para explorar sus diferentes intensidades de vibraci\u00f3n. Presione el bot\u00f3n nuevamente por al menos 3 seg. para apagarlo. Para una experiencia m\u00e1s placentera, es ideal que el uso de este juguete sea con lubricantes a base de agua.\u00a0Recomendamos el\u00a0Gel Lubricante \u00cdntimo Natural Elixir. No se deben usar lubricantes de silicona, con juguetes de silicona. Podr\u00edan sufrir da\u00f1os irreversibles.<\/td>\n<\/tr>\n<tr class=\"woocommerce-product-attributes-item woocommerce-product-attributes-item--attribute_resistente-al-agua\">\n<th class=\"woocommerce-product-attributes-item__label\">Resistente al agua<\/th>\n<td class=\"woocommerce-product-attributes-item__value\">IPX6: Resistente al agua, m\u00e1s no sumergible. Protege contra fuertes chorros de agua.<\/td>\n<\/tr>\n<tr class=\"woocommerce-product-attributes-item woocommerce-product-attributes-item--attribute_tiempo-de-carga\">\n<th class=\"woocommerce-product-attributes-item__label\">Tiempo de carga<\/th>\n<td class=\"woocommerce-product-attributes-item__value\">2 horas<\/td>\n<\/tr>\n<tr class=\"woocommerce-product-attributes-item woocommerce-product-attributes-item--attribute_tiempo-de-uso-continuo\">\n<th class=\"woocommerce-product-attributes-item__label\">Tiempo de uso continuo<\/th>\n<td class=\"woocommerce-product-attributes-item__value\">1.3 horas \u2013 45 minutos en el nivel m\u00e1s alto<\/td>\n<\/tr>\n<\/tbody>\n<\/table>\n","protected":false},"featured_media":0,"comment_status":"open","ping_status":"closed","template":"","meta":[],"product_brand":[65],"product_cat":[66,64,19,60,32,17],"product_tag":[],"class_list":{"0":"post-246","1":"product","2":"type-product","3":"status-publish","5":"product_brand-adam-and-eve","6":"product_cat-adam-and-eve","7":"product_cat-balas-y-huevos-vibradores","8":"product_cat-juguetes","9":"product_cat-promo","10":"product_cat-todo","11":"product_cat-vibradores","13":"first","14":"instock","15":"shipping-taxable","16":"purchasable","17":"product-type-simple"},"_links":{"self":[{"href":"https:\/\/desiare.com\/index.php?rest_route=\/wp\/v2\/product\/246","targetHints":{"allow":["GET"]}}],"collection":[{"href":"https:\/\/desiare.com\/index.php?rest_route=\/wp\/v2\/product"}],"about":[{"href":"https:\/\/desiare.com\/index.php?rest_route=\/wp\/v2\/types\/product"}],"replies":[{"embeddable":true,"href":"https:\/\/desiare.com\/index.php?rest_route=%2Fwp%2Fv2%2Fcomments&post=246"}],"wp:attachment":[{"href":"https:\/\/desiare.com\/index.php?rest_route=%2Fwp%2Fv2%2Fmedia&parent=246"}],"wp:term":[{"taxonomy":"product_brand","embeddable":true,"href":"https:\/\/desiare.com\/index.php?rest_route=%2Fwp%2Fv2%2Fproduct_brand&post=246"},{"taxonomy":"product_cat","embeddable":true,"href":"https:\/\/desiare.com\/index.php?rest_route=%2Fwp%2Fv2%2Fproduct_cat&post=246"},{"taxonomy":"product_tag","embeddable":true,"href":"https:\/\/desiare.com\/index.php?rest_route=%2Fwp%2Fv2%2Fproduct_tag&post=246"}],"curies":[{"name":"wp","href":"https:\/\/api.w.org\/{rel}","templated":true}]}}