{"id":78,"date":"2025-09-20T02:01:48","date_gmt":"2025-09-20T07:01:48","guid":{"rendered":"https:\/\/desiare.com\/?post_type=product&#038;p=78"},"modified":"2025-09-20T02:01:48","modified_gmt":"2025-09-20T07:01:48","slug":"condones-prudence-clasico-x-3-unidades","status":"publish","type":"product","link":"https:\/\/desiare.com\/?product=condones-prudence-clasico-x-3-unidades","title":{"rendered":"Condones Prudence Cl\u00e1sico x 3 unidades"},"content":{"rendered":"<h2>Condones Prudence Cl\u00e1sico x 3 unidades<\/h2>\n<p><strong>Caracter\u00edsticas de los Condones Prudence Cl\u00e1sico:<\/strong><\/p>\n<ul>\n<li>Contiene 3 unidades<\/li>\n<li>Elaborado en L\u00e1tex Lubricado<\/li>\n<li>Textura lisa, lados paralelos<\/li>\n<li>Ancho: 5,2 cm<\/li>\n<li>Uso seguro con lubricantes a base de agua<\/li>\n<li>Registro:\u00a05668-DME-1018<\/li>\n<\/ul>\n<p>Tradici\u00f3n, seguridad y placer.\u00a0<strong>Prudence Cl\u00e1sico<\/strong>\u00a0es un cond\u00f3n suave y lubricado con una gran diferencia: \u00a1no tiene olor a goma! Es la garant\u00eda de cualquier pareja que tiene ganas de sentir el placer con tranquilidad.<\/p>\n","protected":false},"excerpt":{"rendered":"<p>Condones Prudence Cl\u00e1sico x 3 unidades Caracter\u00edsticas de los Condones Prudence Cl\u00e1sico: Contiene 3 unidades Elaborado en L\u00e1tex Lubricado Textura&#8230;<\/p>\n","protected":false},"featured_media":0,"comment_status":"open","ping_status":"closed","template":"","meta":[],"product_brand":[24],"product_cat":[25,26,27],"product_tag":[],"class_list":{"0":"post-78","1":"product","2":"type-product","3":"status-publish","5":"product_brand-prudence","6":"product_cat-bienestar-sexual","7":"product_cat-condones","8":"product_cat-prudence","10":"first","11":"instock","12":"shipping-taxable","13":"purchasable","14":"product-type-simple"},"_links":{"self":[{"href":"https:\/\/desiare.com\/index.php?rest_route=\/wp\/v2\/product\/78","targetHints":{"allow":["GET"]}}],"collection":[{"href":"https:\/\/desiare.com\/index.php?rest_route=\/wp\/v2\/product"}],"about":[{"href":"https:\/\/desiare.com\/index.php?rest_route=\/wp\/v2\/types\/product"}],"replies":[{"embeddable":true,"href":"https:\/\/desiare.com\/index.php?rest_route=%2Fwp%2Fv2%2Fcomments&post=78"}],"wp:attachment":[{"href":"https:\/\/desiare.com\/index.php?rest_route=%2Fwp%2Fv2%2Fmedia&parent=78"}],"wp:term":[{"taxonomy":"product_brand","embeddable":true,"href":"https:\/\/desiare.com\/index.php?rest_route=%2Fwp%2Fv2%2Fproduct_brand&post=78"},{"taxonomy":"product_cat","embeddable":true,"href":"https:\/\/desiare.com\/index.php?rest_route=%2Fwp%2Fv2%2Fproduct_cat&post=78"},{"taxonomy":"product_tag","embeddable":true,"href":"https:\/\/desiare.com\/index.php?rest_route=%2Fwp%2Fv2%2Fproduct_tag&post=78"}],"curies":[{"name":"wp","href":"https:\/\/api.w.org\/{rel}","templated":true}]}}